34 + -312?
2444622
In base 16, what is -18497 + -a95?
-18f2c
In base 13, what is -13362 + -42?
-133a4
In base 4, what is -21 + 10320232132213?
10320232132132
In base 6, what is -2125352545 - -2?
-2125352543
In base 8, what is -1224265 - 17?
-1224304
In base 14, what is -17158 - -4d10?
-12248
In base 10, what is -37452 - 3611?
-41063
In base 7, what is -311644555 + 3?
-311644552
In base 12, what is -4 + -21b752a?
-21b7532
In base 12, what is -8284 + -189?
-8451
In base 8, what is 1041 - -317400?
320441
In base 11, what is -2378296 + 49?
-2378248
In base 16, what is 431a - -28be?
6bd8
In base 10, what is -9 + 2634683?
2634674
In base 2, what is 100001010010 - -1001101110001?
1101111000011
In base 13, what is -79b8687 - 3?
-79b868a
In base 11, what is 8210 - -10a1?
9301
In base 12, what is -976a9a3 + 9?
-976a996
In base 10, what is 362512887 - -5?
362512892
In base 14, what is 34b7b - -7b?
34c18
In base 15, what is -d3b5e6 - 1e?
-d3b615
In base 6, what is 4433 - 1155341?
-1150504
In base 11, what is -17a4a78 + 49?
-17a4a2a
In base 9, what is -20803537 - 1?
-20803538
In base 5, what is -3 + 44144124324?
44144124321
In base 9, what is 7 + 1801735?
1801743
In base 2, what is -1000101000011111011110100 + 1?
-1000101000011111011110011
In base 14, what is -19 - -17920bd?
17920a4
In base 6, what is -2520445 + -12134?
-2533023
In base 2, what is -11101101001010 - 100010001?
-11110001011011
In base 13, what is 395c + -183?
37a9
In base 6, what is -340355311 + -1?
-340355312
In base 13, what is -138420ab - -1?
-138420aa
In base 10, what is 2 - 144614471?
-144614469
In base 15, what is -4 + -22a0?
-22a4
In base 10, what is 2399 + -104250?
-101851
In base 16, what is 14 + 71534?
71548
In base 14, what is -122891 + -3d?
-1228d0
In base 8, what is 1041657 - -41?
1041720
In base 13, what is -2b - -b950b?
b94b0
In base 11, what is -5069a552 - 1?
-5069a553
In base 11, what is 1342083 - 4?
134207a
In base 2, what is 1011110011 - 110111001100001001?
-110111000000010110
In base 3, what is -10122102122122 - 201?
-10122102200100
In base 10, what is -50190 + -8496?
-58686
In base 7, what is 431211214 + -3?
431211211
In base 12, what is -2 + 488b38?
488b36
In base 4, what is 230131112120 + 21?
230131112201
In base 13, what is 8a + -93655?
-93598
In base 2, what is 10111010101101110 + -11010110101?
10110111010111001
In base 6, what is -1224104424 - 5?
-1224104433
In base 6, what is -3 + -3351002?
-3351005
In base 3, what is 1 - 220201111120211?
-220201111120210
In base 5, what is 13244124301 - -12?
13244124313
In base 14, what is 89a + -27a2a?
-27170
In base 13, what is 6 + -2044783?
-204477a
In base 15, what is 13c + -ac0a?
-aabd
In base 5, what is -3304434 - -21?
-3304413
In base 4, what is -231 - -3001010222?
3001003331
In base 11, what is 4 - -6a38709?
6a38712
In base 3, what is -20122000 - -210220000?
120021000
In base 2, what is 1110101110110000111000001 + -100?
1110101110110000110111101
In base 8, what is -1476606 - 2133?
-1500741
In base 4, what is -31121023012 - 1310?
-31121030322
In base 7, what is 1053 + -2116626?
-2115543
In base 12, what is -4ab + -2718a4?
-272193
In base 12, what is -26 + baa32?
baa08
In base 4, what is 100301102222 - -2?
100301102230
In base 4, what is -121300 - 123033203?
-123221103
In base 2, what is -100010000011111 - -111011111111?
-11010100100000
In base 9, what is 233 + -35655?
-35422
In base 11, what is -80a + -7?
-816
In base 2, what is -100111011110010000 - -100000011001?
-100110111101110111
In base 14, what is 774b5 - 42?
77473
In base 14, what is -11d - -8045?
7d26
In base 6, what is 11304113 + -555?
11303114
In base 16, what is 1f - 1d1d6?
-1d1b7
In base 7, what is -11600125 - -201?
-11566624
In base 9, what is -13283628 - -1?
-13283627
In base 12, what is -10a50a + -508?
-10aa16
In base 16, what is -1 + -2166c45?
-2166c46
In base 3, what is 20 + -121110200012022?
-121110200012002
In base 8, what is 60335307 + 3?
60335312
In base 2, what is -11011010001101111001001101 - 11?
-11011010001101111001010000
In base 15, what is 35 + 1036c2?
103707
In base 8, what is -5 + 3374050?
3374043
In base 14, what is -2 - a77aa?
-a77ac
In base 8, what is -30435530 - -124?
-30435404
In base 7, what is -6336461 - -1104?
-6335354
In base 6, what is -5220 + 415532?
410312
In base 15, what is 3 - 100b84?
-100b81
In base 4, what is -200001323 + 1?
-200001322
In base 8, what is -15577 + -731?
-16530
In base 13, what is 0 + 11a4549?
11a4549
In base 10, what is -93935047 + -2?
-93935049
In base 14, what is -1 - 6803d64?
-6803d65
In base 11, what is 5 + 1404a586?
1404a590
In base 9, what is -20 - -71403166?
71403146
In base 11, what is -46a1a0 + -30?
-46a220
In base 16, what is -40 - 26f29?
-26f69
In base 16, what is -1c4118 + 89?
-1c408f
In base 9, what is 3156 + -783?
2263
In base 10, what is -19 + 356385?
356366
In base 9, what is 7 - -1755524?
1755532
In base 5, what is 24 + 4424131021?
4424131100
In base 13, what is -16 - -814693b?
8146925
In base 8, what is 1352423 - -2?
1352425
In base 6, what is 340535325 + 53?
340535422
In base 9, what is -10 - 14547613?
-14547623
In base 5, what is -32 - 2433314120?
-2433314202
In base 13, what is -26b8694 - 1?
-26b8695
In base 7, what is 1 - 34034210?
-34034206
In base 8, what is 172757157 - 4?
172757153
In base 7, what is -552010031 + -12?
-552010043
In base 8, what is 401747 - -57?
402026
In base 16, what is 3 + 1a0623a?
1a0623d
In base 9, what is -117 + 881064?
880846
In base 3, what is 1002001122 + 221222?
1010000121
In base 6, what is -4445323 + -5?
-4445332
In base 12, what is 1 - -2102b?
21030
In base 10, what is 8618 - 294?
8324
In base 14, what is -dabc018 + 3?
-dabc015
In base 16, what is -19a5f + 110f?
-18950
In base 12, what is 1 + 1405119?
140511a
In base 13, what is -625793 + 1?
-625792
In base 11, what is 18166 + -132a?
16937
In base 14, what is 12aa1474 + 9?
12aa147d
In base 3, what is -220012110 + -1202001?
-221221111
In base 15, what is -5baa8 + -49?
-5bb02
In base 8, what is 72 - -1776324?
1776416
In base 4, what is -11 - -1300203000103?
1300203000032
In base 3, what is -12001100202200111 + -12?
-12001100202200200
In base 13, what is -b8aa8051 + 0?
-b8aa8051
In base 4, what is 221112 + 33?
221211
In base 15, what is -68cb - -192?
-6739
In base 4, what is -101101123 + 10223?
-101030300
In base 7, what is 26065 + -2401?
23364
In base 9, what is 206021 - 46?
205864
In base 9, what is -5110785 - -188?
-5110586
In base 3, what is -10202021 + -21200122?
-102102220
In base 15, what is -5 + 5dc1253?
5dc124d
In base 4, what is 11001301 + -1020?
11000221
In base 6, what is 2 + -32342253?
-32342251
In base 10, what is 1 - 15471471?
-15471470
In base 5, what is 13214 + -4204042?
-4140323
In base 4, what is -1012021033102 - 22?
-1012021033130
In base 15, what is -7 + -18ac124?
-18ac12b
In base 8, what is 2415156 - -1465?
2416643
In base 10, what is -510504 + 22?
-510482
In base 2, what is 111110 + 10100000111110101?
10100001000110011
In base 5, what is -3 + 2022442434?
2022442431
In base 14, what is 30 + -58aaa2?
-58aa72
In base 8, what is 47 + -1010671?
-1010622
In base 11, what is 9607 + -9228?
38a
In base 8, what is 1101672016 + -2?
1101672014
In base 11, what is -630124 - 39a?
-630513
In base 9, what is -320416248 - 5?
-320416254
In base 14, what is -4da5 + -dba4?
-14b69
In base 5, what is -213144 + -2203?
-220402
In base 16, what is 12 + -c47f3?
-c47e1
In base 13, what is 7 - -1a5732?
1a5739
In base 4, what is -2020 - 1332302300?
-1332310320
In base 12, what is -369b5b + -9?
-369b68
In base 8, what is 256 + -7612?
-7334
In base 13, what is 5880 + a2a?
65aa
In base 3, what is 10011121100221012 + 11?
10011121100221100
In base 10, what is 192 + 21326?
21518
In base 8, what is -1003 - 5076?
-6101
In base 7, what is 130623245 - -4?
130623252
In base 13, what is a5c9 - -b?
a607
In base 4, what is -100 + 1012121000?
1012120300
In base 4, what is -120031102033 + 330?
-120031101103
In base 7, what is 36664 - -6462?
46456
In base 3, what is -2100010121 + 20002022?
-2010001022
In base 9, what is -38050006 + -12?
-38050018
In base 12, what is 7 - -b413972?
b413979
In base 15, what is -8c + 1a404?
1a367
In base 12, what is -1 + -29785363?
-29785364
In base 13, what is -21ab932 + 1?
-21ab931
In base 3, what 